t is the tens digit of 13681?
8
What is the ten thousands digit of 15474?
1
What is the tens digit of 30968?
6
What is the thousands digit of 11831?
1
What is the hundreds digit of 730?
7
What is the thousands digit of 5354?
5
What is the units digit of 11626?
6
What is the tens digit of 1353?
5
What is the units digit of 1362?
2
What is the hundreds digit of 125637?
6
What is the thousands digit of 1748?
1
What is the thousands digit of 28958?
8
What is the thousands digit of 6262?
6
What is the hundred thousands digit of 168982?
1
What is the hundreds digit of 6364?
3
What is the hundreds digit of 5063?
0
What is the thousands digit of 19552?
9
What is the hundreds digit of 525?
5
What is the tens digit of 6140?
4
What is the hundreds digit of 798?
7
What is the units digit of 146513?
3
What is the ten thousands digit of 76971?
7
What is the tens digit of 1087?
8
What is the tens digit of 15624?
2
What is the ten thousands digit of 43372?
4
What is the thousands digit of 66351?
6
What is the units digit of 46?
6
What is the thousands digit of 2185?
2
What is the units digit of 1768?
8
What is the tens digit of 45180?
8
What is the hundreds digit of 103505?
5
What is the tens digit of 57573?
7
What is the tens digit of 4320?
2
What is the hundreds digit of 2952?
9
What is the thousands digit of 156834?
6
What is the hundreds digit of 7677?
6
What is the ten thousands digit of 32840?
3
What is the thousands digit of 6571?
6
What is the hundreds digit of 140?
1
What is the units digit of 2123?
3
What is the thousands digit of 46350?
6
What is the tens digit of 324?
2
What is the hundreds digit of 444?
4
What is the tens digit of 2380?
8
What is the hundreds digit of 848?
8
What is the tens digit of 332?
3
What is the hundreds digit of 2405?
4
What is the units digit of 828?
8
What is the ten thousands digit of 81430?
8
What is the tens digit of 3366?
6
What is the tens digit of 4741?
4
What is the hundreds digit of 4442?
4
What is the units digit of 781?
1
What is the ten thousands digit of 16959?
1
What is the units digit of 689?
9
What is the ten thousands digit of 12340?
1
What is the tens digit of 1039?
3
What is the hundreds digit of 14080?
0
What is the tens digit of 6330?
3
What is the hundreds digit of 969?
9
What is the ten thousands digit of 87385?
8
What is the thousands digit of 1929?
1
What is the units digit of 154904?
4
What is the ten thousands digit of 27548?
2
What is the units digit of 2011?
1
What is the ten thousands digit of 46674?
4
What is the hundreds digit of 3595?
5
What is the thousands digit of 7045?
7
What is the hundreds digit of 2355?
3
What is the units digit of 28403?
3
What is the thousands digit of 2148?
2
What is the ten thousands digit of 55019?
5
What is the hundreds digit of 24100?
1
What is the thousands digit of 20092?
0
What is the tens digit of 4421?
2
What is the tens digit of 60?
6
What is the units digit of 7263?
3
What is the thousands digit of 107359?
7
What is the thousands digit of 2305?
2
What is the ten thousands digit of 73306?
7
What is the tens digit of 588?
8
What is the units digit of 5205?
5
What is the units digit of 910?
0
What is the tens digit of 7325?
2
What is the thousands digit of 31958?
1
What is the tens digit of 506?
0
What is the hundreds digit of 27819?
8
What is the hundreds digit of 48511?
5
What is the thousands digit of 5162?
5
What is the units digit of 6445?
5
What is the tens digit of 787?
8
What is the hundreds digit of 154911?
9
What is the units digit of 819?
9
What is the hundreds digit of 15832?
8
What is the ten thousands digit of 79714?
7
What is the units digit of 3624?
4
What is the units digit of 317?
7
What is the units digit of 386?
6
What is the tens digit of 6069?
6
What is the tens digit of 2433?
3
What is the units digit of 2496?
6
What is the hundreds digit of 4912?
9
What is the thousands digit of 8048?
8
What is the units digit of 11166?
6
What is the thousands digit of 12764?
2
What is the hundreds digit of 503?
5
What is the units digit of 35912?
2
What is the hundreds digit of 765?
7
What is the tens digit of 5240?
4
What is the units digit of 1190?
0
What is the hundreds digit of 1127?
1
What is the ten thousands digit of 16128?
1
What is the hundreds digit of 9584?
5
What is the tens digit of 820?
2
What is the ten thousands digit of 160415?
6
What is the hundreds digit of 1278?
2
What is the hundred thousands digit of 131558?
1
What is the thousands digit of 13707?
3
What is the hundreds digit of 85795?
7
What is the thousands digit of 1453?
1
What is the tens digit of 48702?
0
What is the hundreds digit of 1221?
2
What is the hundreds digit of 1154?
1
What is the tens digit of 2840?
4
What is the thousands digit of 1452?
1
What is the units digit of 10975?
5
What is the tens digit of 8811?
1
What is the tens digit of 121941?
4
What is the tens digit of 3442?
4
What is the thousands digit of 114250?
4
What is the units digit of 523?
3
What is the tens digit of 370?
7
What is the hundreds digit of 3188?
1
What is the thousands digit of 28671?
8
What is the tens digit of 17698?
9
What is the hundreds digit of 274?
2
What is the units digit of 1219?
9
What is the ten thousands digit of 43070?
4
What is the tens digit of 116?
1
What is the tens digit of 3578?
7
What is the ten thousands digit of 63128?
6
What is the ten thousands digit of 31983?
3
What is the units digit of 1697?
7
What is the tens digit of 572?
7
What is the hundreds digit of 1566?
5
What is the tens digit of 11141?
4
What is the tens digit of 160553?
5
What is the thousands digit of 1155?
1
What is the thousands digit of 9727?
9
What is the hundreds digit of 9866?
8
What is the thousands digit of 1382?
1
What is the ten thousands digit of 28924?
2
What is the tens digit of 1825?
2
What is the thousands digit of 16378?
6
What is the hundreds digit of 12406?
4
What is the hundreds digit of 269?
2
What is the hundreds digit of 2459?
4
What is the ten thousands digit of 79712?
7
What is the thousands digit of 4440?
4
What is the ten thousands digit of 108280?
0
What is the hundreds digit of 24541?
5
What is the units digit of 125350?
0
What is the tens digit of 3941?
4
What is the tens digit of 117649?
4
What is the hundreds digit of 565?
5
What is the thousands digit of 1980?
1
What is the thousands digit of 61269?
1
What is the units digit of 2480?
0
What is the thousands digit of 1622?
1
What is the units digit of 1451?
1
What is the ten thousands digit of 21059?
2
What is the tens digit of 4857?
5
What is the hundreds digit of 25236?
2
What is the ten thousands digit of 101258?
0
What is the thousands digit of 27721?
7
What is the tens digit of 6165?
6
What is the tens digit of 8114?
1
What is the units digit of 1121?
1
What is the units digit of 1481?
1
What is the ten thousands digit of 10312?
1
What is the tens digit of 33485?
8
What is the hundreds digit of 4886?
8
What is the hundreds digit of 13967?
9
What is the units digit of 32484?
4
What is the units digit of 50788?
8
What is the tens digit of 2410?
1
What is the hundreds digit of 197?
1
What is the hundreds digit of 11007?
0
What is the thousands digit of 5223?
5
What is the thousands digit of 100718?
0
What is the units digit of 697?
7
What is the units digit of 5901?
1
What is the units digit of 3665?
5
What is the thousands digit of 20984?
0
What is the thousands digit of 10714?
0
What is the units digit of 2661?
1
What is the tens digit of 922?
2
What is the thousands digit of 149279?
9
What is the hundreds digit of 9107?
1
What is the units digit of 21578?
8
What is the hundreds digit of 14082?
0
What is the ten thousands digit of 134945?
3
What is the units digit of 8265?
5
What is the units digit of 539?
9
What is the thousands digit of 1688?
1
What is the hundreds digit of 17775?
7
What is the units digit of 2928?
8
What is the ten thousands digit of 15186?
1
What is the thousands digit of 48226?
8
What is the hundreds digit of 8131?
1
What is the tens digit of 1597?
9
What is the ten thousands digit of 140334?
4
What is the units digit of 1557?
7
What is the tens digit of 32238?
3
What is the units digit of 7280?
0
What is the tens digit of 728?
2
What is the units digit of 537?
7
What is the hundreds d